 when 5447974 is divided by 5447962?
12
What is the remainder when 450191 is divided by 89361?
3386
Calculate the remainder when 2745538757 is divided by 142.
139
What is the remainder when 104186688 is divided by 5483508?
36
Calculate the remainder when 108353 is divided by 1725.
1403
Calculate the remainder when 118967 is divided by 39494.
485
What is the remainder when 75196 is divided by 166?
164
What is the remainder when 228730228 is divided by 114365107?
14
Calculate the remainder when 30087 is divided by 7268.
1015
Calculate the remainder when 698811 is divided by 169.
165
Calculate the remainder when 18721048 is divided by 75.
73
Calculate the remainder when 616578 is divided by 154047.
390
Calculate the remainder when 1302371 is divided by 2932.
563
Calculate the remainder when 31543531 is divided by 477.
475
What is the remainder when 53129190 is divided by 13282295?
10
What is the remainder when 6250458 is divided by 98?
18
Calculate the remainder when 42073341 is divided by 14024416.
93
Calculate the remainder when 1697578 is divided by 196.
22
What is the remainder when 4212315 is divided by 4898?
35
Calculate the remainder when 266175 is divided by 266169.
6
What is the remainder when 12745860 is divided by 98805?
15
Calculate the remainder when 169141 is divided by 259.
14
What is the remainder when 1374902 is divided by 629?
537
Calculate the remainder when 649313 is divided by 25.
13
Calculate the remainder when 736354 is divided by 66941.
3
What is the remainder when 74888 is divided by 74798?
90
Calculate the remainder when 13149550 is divided by 89.
67
Calculate the remainder when 3529749 is divided by 70.
69
Calculate the remainder when 518133 is divided by 518113.
20
What is the remainder when 56799553 is divided by 6651?
13
What is the remainder when 2425501 is divided by 1135?
6
What is the remainder when 2859708 is divided by 714896?
124
What is the remainder when 130429361 is divided by 132685?
6
Calculate the remainder when 36560 is divided by 12117.
209
Calculate the remainder when 26123790 is divided by 1576.
14
What is the remainder when 1435768359 is divided by 26?
25
What is the remainder when 2288769 is divided by 1144375?
19
Calculate the remainder when 9235054 is divided by 3656.
3654
Calculate the remainder when 31184 is divided by 10352.
128
Calculate the remainder when 31207993 is divided by 973.
964
Calculate the remainder when 416098 is divided by 83211.
43
What is the remainder when 25980 is divided by 2931?
2532
Calculate the remainder when 85951 is divided by 494.
489
What is the remainder when 7747909 is divided by 333?
331
Calculate the remainder when 930767 is divided by 6331.
110
What is the remainder when 20385 is divided by 3999?
390
What is the remainder when 228623674 is divided by 3761?
6
Calculate the remainder when 87297 is divided by 11714.
5299
What is the remainder when 63144 is divided by 63117?
27
Calculate the remainder when 5465003 is divided by 22.
5
What is the remainder when 1750033 is divided by 1412?
565
Calculate the remainder when 9912288 is divided by 272.
64
Calculate the remainder when 14534 is divided by 736.
550
What is the remainder when 81762 is divided by 4723?
1471
What is the remainder when 8904092 is divided by 1714?
1576
What is the remainder when 275333475 is divided by 34416684?
3
Calculate the remainder when 39969 is divided by 3956.
409
Calculate the remainder when 43042197 is divided by 206.
145
Calculate the remainder when 1257911 is divided by 139753.
134
What is the remainder when 37082078 is divided by 20?
18
What is the remainder when 531096217 is divided by 17?
16
What is the remainder when 67747 is divided by 22518?
193
What is the remainder when 1427791 is divided by 242?
233
What is the remainder when 3186256 is divided by 1341?
40
What is the remainder when 357149736 is divided by 7?
6
Calculate the remainder when 23175 is divided by 346.
339
Calculate the remainder when 25055 is divided by 6251.
51
What is the remainder when 28425 is divided by 4008?
369
What is the remainder when 199524 is divided by 27?
21
What is the remainder when 686777127 is divided by 1053?
1050
Calculate the remainder when 183282425 is divided by 28.
25
What is the remainder when 8678600 is divided by 4339299?
2
What is the remainder when 399402 is divided by 229?
26
Calculate the remainder when 40032487 is divided by 1539711.
1
Calculate the remainder when 485798 is divided by 4041.
878
What is the remainder when 71015 is divided by 690?
635
What is the remainder when 24764 is divided by 1535?
204
What is the remainder when 456976 is divided by 6308?
2800
Calculate the remainder when 1214219 is divided by 4464.
11
What is the remainder when 3679827 is divided by 1839888?
51
What is the remainder when 46732058 is divided by 41029?
27
Calculate the remainder when 4412317 is divided by 37712.
13
Calculate the remainder when 76890321 is divided by 2066.
2065
What is the remainder when 818748 is divided by 31490?
8
Calculate the remainder when 362174 is divided by 30178.
38
Calculate the remainder when 42388 is divided by 13740.
1168
Calculate the remainder when 764817 is divided by 49.
25
What is the remainder when 5003843 is divided by 6?
5
Calculate the remainder when 3817995 is divided by 2056.
3
Calculate the remainder when 276323 is divided by 431.
52
Calculate the remainder when 3795403 is divided by 3795219.
184
Calculate the remainder when 579923 is divided by 96643.
65
What is the remainder when 543511 is divided by 178?
77
What is the remainder when 2082910 is divided by 507?
154
What is the remainder when 1491877 is divided by 51?
25
Calculate the remainder when 28812397 is divided by 10.
7
What is the remainder when 8626068 is divided by 20?
8
What is the remainder when 622324 is divided by 2008?
1852
What is the remainder when 4518558 is divided by 446?
132
What is the remainder when 3008142 is divided by 916?
914
What is the remainder when 5117487 is divided by 465226?
1
Calculate the remainder when 58333 is divided by 11032.
3173
What is the remainder when 10335900 is divided by 10335868?
32
Calculate the remainder when 3072058 is divided by 449.
0
Calculate the remainder when 2429666 is divided by 4378.
4254
Calculate the remainder when 67791129 is divided by 23946.
3
What is the remainder when 15871628 is divided by 17499?
35
What is the remainder when 5388059 is divided by 305?
234
What is the remainder when 13416458 is divided by 37581?
41
Calculate the remainder when 58270 is divided by 5283.
157
Calculate the remainder when 1015719 is divided by 66.
45
What is the remainder when 4031 is divided by 1299?
134
What is the remainder when 72174 is divided by 2314?
440
What is the remainder when 35111 is divided by 35042?
69
Calculate the remainder when 9346552 is divided by 24.
16
What is the remainder when 24502764 is divided by 85079?
12
What is the remainder when 6016 is divided by 1988?
52
Calculate the remainder when 117226177 is divided by 105.
82
Calculate the remainder when 280805 is divided by 7641.
5729
Calculate the remainder when 115153037 is divided by 23.
18
Calculate the remainder when 637362 is divided by 240.
162
Calculate the remainder when 957123 is divided by 478546.
31
What is the remainder when 3433055 is divided by 137321?
30
Calculate the remainder when 2737812 is divided by 1394.
1390
Calculate the remainder when 289155 is divided by 36121.
187
Calculate the remainder when 583430 is divided by 194347.
389
Calculate the remainder when 31972 is divided by 3047.
1502
Calculate the remainder when 4155150 is divided by 220.
10
Calculate the remainder when 551065 is divided by 8897.
8348
Calculate the remainder when 362768 is divided by 4533.
128
Calculate the remainder when 12916521 is divided by 33376.
9
What is the remainder when 2081164 is divided by 220?
184
Calculate the remainder when 567655 is divided by 485.
205
Calculate the remainder when 2027243 is divided by 1446.
1397
Calculate the remainder when 26122 is divided by 25544.
578
Calculate the remainder when 398819 is divided by 79.
27
What is the remainder when 14693059 is divided by 832?
771
Calculate the remainder when 3426998 is divided by 5819.
5426
Calculate the remainde